{"id":5014,"date":"2021-10-08T12:06:24","date_gmt":"2021-10-08T15:06:24","guid":{"rendered":"https:\/\/villacurabrochero.gov.ar\/turista\/?page_id=5014"},"modified":"2022-06-26T08:55:17","modified_gmt":"2022-06-26T11:55:17","slug":"centro-historico-cultural-y-religioso","status":"publish","type":"page","link":"https:\/\/villacurabrochero.gov.ar\/turista\/centro-historico-cultural-y-religioso\/","title":{"rendered":"Centro hist\u00f3rico, cultural y religioso"},"content":{"rendered":"\n<p>Si tu objetivo es conocer la vida y obra en Traslasierra del <strong>Santo Jos\u00e9 Gabriel del Rosario Brochero<\/strong>, nuestro <strong>\u201cCura Gaucho\u201d<\/strong>, te invitamos a hacer un recorrido por el <strong>circuito hist\u00f3rico, cultural y religioso<\/strong> de nuestra localidad acompa\u00f1ado de un <strong>Gu\u00eda Local<\/strong>.<\/p>\n\n\n\n<figure class=\"wp-block-image size-large\"><img loading=\"lazy\" decoding=\"async\" width=\"1024\" height=\"551\" src=\"https:\/\/villacurabrochero.gov.ar\/turista\/wp-content\/uploads\/2021\/10\/PlanoCtroHistorico-1024x551.jpg\" alt=\"\" class=\"wp-image-5245\" srcset=\"https:\/\/villacurabrochero.gov.ar\/turista\/wp-content\/uploads\/2021\/10\/PlanoCtroHistorico-1024x551.jpg 1024w, https:\/\/villacurabrochero.gov.ar\/turista\/wp-content\/uploads\/2021\/10\/PlanoCtroHistorico-300x162.jpg 300w, https:\/\/villacurabrochero.gov.ar\/turista\/wp-content\/uploads\/2021\/10\/PlanoCtroHistorico-768x414.jpg 768w, https:\/\/villacurabrochero.gov.ar\/turista\/wp-content\/uploads\/2021\/10\/PlanoCtroHistorico.jpg 1300w\" sizes=\"auto, (max-width: 1024px) 100vw, 1024px\" \/><\/figure>\n\n\n\n<p>El conjunto arquitect\u00f3nico conformado por el <strong>Colegio de Ni\u00f1as<\/strong> (hoy colegio Tr\u00e1nsito de Mar\u00eda) y <strong>Capilla del Sagrado Coraz\u00f3n de Jes\u00fas<\/strong>, la <strong>Casa de Ejercicios Espirituales<\/strong> (hoy Museo Brocheriano), el <strong>Santuario Nuestra Se\u00f1ora del Tr\u00e1nsito y Santo Cura Brochero<\/strong> y la <strong>Casa de las Hermanas Esclavas del Coraz\u00f3n de Jes\u00fas<\/strong>, conforman la <strong>Manzana Brocheriana <\/strong>(Ordenanza N\u00b0 113\/12)<\/p>\n\n\n\n<p>.<\/p>\n\n\n\n<figure class=\"wp-block-image size-large\"><img loading=\"lazy\" decoding=\"async\" width=\"1024\" height=\"630\" src=\"https:\/\/villacurabrochero.gov.ar\/turista\/wp-content\/uploads\/2021\/10\/SantuarioNtraSraTransito-1024x630.jpg\" alt=\"\" class=\"wp-image-5212\" srcset=\"https:\/\/villacurabrochero.gov.ar\/turista\/wp-content\/uploads\/2021\/10\/SantuarioNtraSraTransito-1024x630.jpg 1024w, https:\/\/villacurabrochero.gov.ar\/turista\/wp-content\/uploads\/2021\/10\/SantuarioNtraSraTransito-300x185.jpg 300w, https:\/\/villacurabrochero.gov.ar\/turista\/wp-content\/uploads\/2021\/10\/SantuarioNtraSraTransito-768x473.jpg 768w, https:\/\/villacurabrochero.gov.ar\/turista\/wp-content\/uploads\/2021\/10\/SantuarioNtraSraTransito.jpg 1300w\" sizes=\"auto, (max-width: 1024px) 100vw, 1024px\" \/><\/figure>\n\n\n\n<h2 class=\"wp-block-heading\"><strong>Santuario Nuestra Se\u00f1ora del Tr\u00e1nsito y Santo Cura Brochero&nbsp;<\/strong> <\/h2>\n\n\n\n<p><em>Hip\u00f3lito Irigoyen 69. Abierto todos los d\u00edas, de 8.00 a 22.00 hs<br>Misas todos los d\u00edas a las 20.00 hs (enero y febrero 21hs); domingos 10.00 y 20.00 hs (10.00 y 21.00 hs enero y febrero)&nbsp;<br>Contacto: 03544-470396<\/em><\/p>\n\n\n\n<p><br>El templo se encuentra frente a la plaza Centenario y es sitio de visita obligada para todos los devotos del Cura Brochero. Santuario desde el 2 de agosto de 1994, contiene las reliquias del <strong>Santo Cura Brochero<\/strong>, en la pared colindante con la Casa de Ejercicios Espirituales, ubicado en la nave izquierda de la iglesia.&nbsp;<\/p>\n\n\n\n<p>La construcci\u00f3n del templo fue planeada por el fundador, <strong>presb\u00edtero Francisco Aguirre.<\/strong> Cuando el <strong>cura Brochero<\/strong> asumi\u00f3 el curato, la iglesia estaba en construcci\u00f3n. Se comunicaba de manera directa con la <strong>Casa de Ejercicios<\/strong>; permitiendo el f\u00e1cil acceso de los ejercitantes al templo. A partir de 1885 fue sede Parroquial, resultando necesario realizar ciertas mejoras al edificio, como levantar el presbiterio y mesa del altar e incorporar la reja del comulgatorio, todas obras realizadas por el cura gaucho.<\/p>\n\n\n\n<p>Cuando la iglesia qued\u00f3 sin techo a causa de un tornado, en 1896, la <strong>capilla del Colegio de Ni\u00f1as<\/strong> pas\u00f3 a utilizarse como templo parroquial. En diciembre de 1898 <strong>Monse\u00f1or Uladislao Castellano<\/strong> coloca la piedra fundamental de la iglesia actual. El <strong>Padre Brochero<\/strong> levant\u00f3 las paredes y cuando decidi\u00f3 retirarse del Curato, dej\u00f3 los materiales para la torre del campanario, el techo de tejuelas, ventanas ya colocadas y el piso de madera. La nave central fue habilitada en 1914, pero pasaron d\u00e9cadas hasta que se construyeron las tres naves proyectadas originalmente.<\/p>\n\n\n\n<p>El 24 de junio de 2014 el Obispo de Cruz del Eje, <strong>Mons. Santiago Olivera <\/strong>impuso el nuevo nombre al santuario, <strong>Nuestra Se\u00f1ora del Tr\u00e1nsito y Beato Jos\u00e9 Gabriel Brochero<\/strong>. En la misma ceremonia se lo nombr\u00f3 patrono del pueblo.&nbsp;<\/p>\n\n\n\n<p>A partir del 16 de octubre de 2016 se lo conoce como <strong>Santuario Nuestra Se\u00f1ora del Tr\u00e1nsito y Santo Cura Brochero.<\/strong><\/p>\n\n\n\n<p>.<\/p>\n\n\n\n<figure class=\"wp-block-image size-large\"><img loading=\"lazy\" decoding=\"async\" width=\"1024\" height=\"630\" src=\"https:\/\/villacurabrochero.gov.ar\/turista\/wp-content\/uploads\/2021\/10\/MuseoBrocheriano-1024x630.jpg\" alt=\"\" class=\"wp-image-5216\" srcset=\"https:\/\/villacurabrochero.gov.ar\/turista\/wp-content\/uploads\/2021\/10\/MuseoBrocheriano-1024x630.jpg 1024w, https:\/\/villacurabrochero.gov.ar\/turista\/wp-content\/uploads\/2021\/10\/MuseoBrocheriano-300x185.jpg 300w, https:\/\/villacurabrochero.gov.ar\/turista\/wp-content\/uploads\/2021\/10\/MuseoBrocheriano-768x473.jpg 768w, https:\/\/villacurabrochero.gov.ar\/turista\/wp-content\/uploads\/2021\/10\/MuseoBrocheriano.jpg 1300w\" sizes=\"auto, (max-width: 1024px) 100vw, 1024px\" \/><\/figure>\n\n\n\n<h2 class=\"wp-block-heading\"><strong>Casa de Ejercicios Espirituales &#8211; Museo Brocheriano<\/strong> <\/h2>\n\n\n\n<p><em>25 de mayo 36. Monumento Hist\u00f3rico Nacional (Decreto 1445\/1974).<br>Abierto todos los d\u00edas del a\u00f1o, excepto martes, 25 de diciembre y 1 de enero.&nbsp;<br>Horarios: en temporada alta (enero y febrero): de 10.00 a 13.00 hs y de 18.00 a 22.00 hs<br>Visitas guiadas: a las 11.00 hs y a las 20.00 hs<\/em>. <em>En temporada baja: de 10 a 18hs<\/em>.<br><em>En temporada baja las visitas guiadas debe solicitarse previamente al tel. 470051 \/ 471528, o por mail a museobrocheriano@gmail.com<\/em><br><em>El 26 de enero, aniversario de la muerte del Cura Brochero, el museo esta abierto, con horario corrido, desde las 10hs hasta las 22hs.&nbsp;<\/em><\/p>\n\n\n\n<p><br>La <strong>Casa de Ejercicios Espirituales <\/strong>fue la obra mas destacada de <strong>Brochero<\/strong> y la que le diera car\u00e1cter identitario a su pueblo. Convencido de la importancia de los Ejercicios Ignacianos para enriquecer la espiritualidad de las personas, construy\u00f3 una <strong>Casa de Ejercicios<\/strong> en la Villa para evitar los viajes a C\u00f3rdoba y facilitar la realizaci\u00f3n de los mismos a los habitantes de la zona. La obra, en la que participaron todos los vecinos, se realiz\u00f3 con los aportes recogidos en Traslasierra y las provincias de San Luis y La Rioja. Comenz\u00f3 en el a\u00f1o 1875 y fue finalizada en 1877. Hasta la muerte de <strong>Brochero<\/strong> recibi\u00f3 aproximadamente 40.000 ejercitantes de todo el pa\u00eds. El <strong>cura Brochero<\/strong> puso a cargo de la <strong>Casa a las Hermanas Esclavas del Coraz\u00f3n de Jes\u00fas<\/strong> en lo que signific\u00f3 la primera expansi\u00f3n de la congregaci\u00f3n fundada en 1872. En la actualidad el edificio es ocupado por el <strong>Museo Brocheriano<\/strong><\/p>\n\n\n\n<p>El museo esta dedicado a la vida y obra del <strong>Cura Brochero<\/strong> y a difundir los Ejercicios Espirituales. Fue creado por iniciativa del <strong>Instituto Brocheriano<\/strong> e inaugurado el 25 de enero de 1957. Actualmente pertenece al <strong>Instituto de las Hermanas Esclavas del Coraz\u00f3n de Jes\u00fas<\/strong>.&nbsp;<\/p>\n\n\n\n<p>La casa se distingue por la sencillez y sobriedad del interior de sus catorce habitaciones, comunicadas con galer\u00edas internas y \u00e9stas con dos amplios patios. Las habitaciones, ahora salas del museo, contienen distintos elementos religiosos, instrumentos musicales, mobiliario y distintos enseres que permiten vislumbrar la vida en la Casa de Ejercicios y la propia vida del cura. En su recorrido podemos apreciar la influencia local en la utilizaci\u00f3n de materiales crudos y cocidos.<\/p>\n\n\n\n<p>Se pude optar por las visitas guiadas, que duran alrededor de una hora, o las autoguiadas que tienen una duraci\u00f3n de 30 minutos. Las visitas autoguiadas permiten momentos de silencio y oraci\u00f3n. Se lo pude visitar con ni\u00f1os.<\/p>\n\n\n\n<p>.<\/p>\n\n\n\n<figure class=\"wp-block-image size-large\"><img loading=\"lazy\" decoding=\"async\" width=\"1024\" height=\"630\" src=\"https:\/\/villacurabrochero.gov.ar\/turista\/wp-content\/uploads\/2021\/10\/ColegiodeNinias-1024x630.jpg\" alt=\"\" class=\"wp-image-5219\" srcset=\"https:\/\/villacurabrochero.gov.ar\/turista\/wp-content\/uploads\/2021\/10\/ColegiodeNinias-1024x630.jpg 1024w, https:\/\/villacurabrochero.gov.ar\/turista\/wp-content\/uploads\/2021\/10\/ColegiodeNinias-300x185.jpg 300w, https:\/\/villacurabrochero.gov.ar\/turista\/wp-content\/uploads\/2021\/10\/ColegiodeNinias-768x473.jpg 768w, https:\/\/villacurabrochero.gov.ar\/turista\/wp-content\/uploads\/2021\/10\/ColegiodeNinias.jpg 1300w\" sizes=\"auto, (max-width: 1024px) 100vw, 1024px\" \/><\/figure>\n\n\n\n<h2 class=\"wp-block-heading\"><strong>Colegio de Ni\u00f1as&nbsp;<\/strong> <\/h2>\n\n\n\n<p><em>Irineo Altamirano 60. Monumento Hist\u00f3rico Nacional (Decreto 1445\/1974).<br>Tel. 03544-470203<br>Visitas: comunicarse con el Museo Brocheriano. Tel. 03544-470051\/471528, o, por mail <a href=\"mailto:museobrocheriano@gmail.com\">museobrocheriano@gmail.com<\/a>&nbsp;<\/em><\/p>\n\n\n\n<p><br>Consciente de la importancia de la educaci\u00f3n, particularmente la de la mujer, <strong>Brochero<\/strong> impuls\u00f3 y llev\u00f3 a cabo la construcci\u00f3n del <strong>Colegio de Ni\u00f1as<\/strong>, que abri\u00f3 sus puertas en marzo de 1880, cuando un grupo de quince hermanas Esclavas del Coraz\u00f3n de Jes\u00fas se trasladaron a lomo de mula, desde la ciudad de C\u00f3rdoba. La venerable <strong>Madre Catalina de Mar\u00eda Rodr\u00edguez<\/strong> fue la fundadora de la congregaci\u00f3n dedicada a la atenci\u00f3n de los Ejercicios Espirituales, la educaci\u00f3n y la promoci\u00f3n de la mujer.<\/p>\n\n\n\n<p>Ubicado junto a la <strong>Casa de Ejercicios<\/strong>, en su comienzo el edificio pose\u00eda una capacidad reducida: un sal\u00f3n de estudio y un dormitorio. Durante el transcurso del a\u00f1o 1880, se construyo una sala para recibir a las ni\u00f1as, un amplio comedor y un sal\u00f3n. Las habitaciones se distribu\u00edan alrededor de un amplio patio, con galer\u00edas que se utilizaban para los recreos. En 1881 el Colegio se continu\u00f3 ampliando con seis salones m\u00e1s. El Plan de Estudios era esmerado y completo con varias materias dictadas a lo largo de tres a\u00f1os. Los salones de clase se fueron deteriorando por lo que se construy\u00f3 un nuevo colegio en el emplazamiento actual.&nbsp;<\/p>\n\n\n\n<p>.<\/p>\n\n\n\n<figure class=\"wp-block-image size-large\"><img loading=\"lazy\" decoding=\"async\" width=\"1024\" height=\"630\" src=\"https:\/\/villacurabrochero.gov.ar\/turista\/wp-content\/uploads\/2021\/10\/Capilla-1024x630.jpg\" alt=\"\" class=\"wp-image-5224\" srcset=\"https:\/\/villacurabrochero.gov.ar\/turista\/wp-content\/uploads\/2021\/10\/Capilla-1024x630.jpg 1024w, https:\/\/villacurabrochero.gov.ar\/turista\/wp-content\/uploads\/2021\/10\/Capilla-300x185.jpg 300w, https:\/\/villacurabrochero.gov.ar\/turista\/wp-content\/uploads\/2021\/10\/Capilla-768x473.jpg 768w, https:\/\/villacurabrochero.gov.ar\/turista\/wp-content\/uploads\/2021\/10\/Capilla.jpg 1300w\" sizes=\"auto, (max-width: 1024px) 100vw, 1024px\" \/><\/figure>\n\n\n\n<h2 class=\"wp-block-heading\"> <strong>Capilla del colegio de Ni\u00f1as<\/strong> <\/h2>\n\n\n\n<p><em>Capilla Sagrado Coraz\u00f3n de Jes\u00fas. Irineo Altamirano 60. Monumento Hist\u00f3rico Nacional (decreto 1445\/1974)<br>Tel: 03544-470203<\/em>.<br><\/p>\n\n\n\n<p>Como el oratorio de las hermanas, resultaba inadecuado para que concurrieran las ni\u00f1as internas y la Iglesia Parroquial estaba muy alejada de la casa, se comenz\u00f3 a proyectar la construcci\u00f3n de la Capilla del colegio por la iniciativa de la <strong>Rectora Madre Mar\u00eda de los Dolores Moyano.<\/strong><\/p>\n\n\n\n<p>Contando con el consejo del <strong>Sacerdote Jesuita P. Vicente Campos<\/strong>, a fines del a\u00f1o 1887, se estudi\u00f3 la posible ubicaci\u00f3n y las dimensiones de la Capilla.<\/p>\n\n\n\n<p>Debieron pasar varios a\u00f1os para que se colocara la piedra fundamental, acontecimiento que sucedi\u00f3 a principios de 1891, siendo <strong>Rectora Tr\u00e1nsito de San Luis Torres.&nbsp;&nbsp;&nbsp;&nbsp;&nbsp;&nbsp;&nbsp;&nbsp;<\/strong><\/p>\n\n\n\n<p>La capilla contaba con tres naves, un coro alto para las alumnas y un coro lateral separado por una reja para las religiosas, que actualmente fue retirada.<\/p>\n\n\n\n<p>El <strong>Obispo Fray Reginaldo Toro<\/strong>, autoriz\u00f3 al <strong>Pbro. Jos\u00e9 Gabriel Brochero<\/strong> o al <strong>padre Vicente Campos<\/strong> para que bendijera el d\u00eda 7 de diciembre de 1891.<\/p>\n\n\n\n<p>A partir del 4 de febrero 1896, fecha en que un vendaval destruyo la iglesia, las funciones parroquiales se celebraban en esta capilla, por lo tanto, fue testigo y sede de la labor pastoral y evangelizadora del <strong>Santo Brochero.<\/strong><\/p>\n\n\n\n<p>El lugar fue consagrado por el obispo de Cruz del Eje<strong> Monse\u00f1or Omar Colom\u00e9<\/strong>, al cumplirse el primer centenario de su bendici\u00f3n, coloc\u00e1ndose las reliquias del Santo en el altar. Su advocaci\u00f3n es al <strong>Sagrado Coraz\u00f3n de Jes\u00fas <\/strong>que se celebra durante todo el mes de junio.<\/p>\n\n\n\n<p>.<\/p>\n\n\n\n<figure class=\"wp-block-image size-large\"><img loading=\"lazy\" decoding=\"async\" width=\"1024\" height=\"630\" src=\"https:\/\/villacurabrochero.gov.ar\/turista\/wp-content\/uploads\/2021\/10\/CasaBrocheroUltimosDias-1024x630.jpg\" alt=\"\" class=\"wp-image-5228\" srcset=\"https:\/\/villacurabrochero.gov.ar\/turista\/wp-content\/uploads\/2021\/10\/CasaBrocheroUltimosDias-1024x630.jpg 1024w, https:\/\/villacurabrochero.gov.ar\/turista\/wp-content\/uploads\/2021\/10\/CasaBrocheroUltimosDias-300x185.jpg 300w, https:\/\/villacurabrochero.gov.ar\/turista\/wp-content\/uploads\/2021\/10\/CasaBrocheroUltimosDias-768x473.jpg 768w, https:\/\/villacurabrochero.gov.ar\/turista\/wp-content\/uploads\/2021\/10\/CasaBrocheroUltimosDias.jpg 1300w\" sizes=\"auto, (max-width: 1024px) 100vw, 1024px\" \/><\/figure>\n\n\n\n<h2 class=\"wp-block-heading\"> <strong>Museo donde el Padre Brochero pas\u00f3 sus \u00faltimos d\u00edas<\/strong> <\/h2>\n\n\n\n<p><em>Mariano Moreno 185<br>Horarios: Temporada alta (enero y febrero) de 10 a 13:30 y de 18\u00aa 21hs.<br>De abril a septiembre de 11 a 18hs. Octubre y noviembre y marzo de 10 a 13:30hs y de 16 a 18hs.&nbsp;<br>Permanece cerrado 25 de diciembre, 01 de enero y 01 de mayo.<br>Entrada gratuita \u2013 Librer\u00eda y santer\u00eda<br>Tel. 03544 &#8211; 15622 805<\/em><br><\/p>\n\n\n\n<p>El Cura Brochero vivi\u00f3 sus \u00faltimos d\u00edas en esta casa, construida en el a\u00f1o 1886, propiedad de su hermana Aurora Brochero.&nbsp;La casa conserva casi en su totalidad la construcci\u00f3n original.<\/p>\n\n\n\n<p>En 1994 fue inaugurada como exposici\u00f3n abierta al p\u00fablico.  Consta de cinco salas con diferentes tem\u00e1ticas donde es posible conocer y apreciar valiosos objetos de pertenencia del cura: fotograf\u00edas, documentos, poemas, cuadros y rese\u00f1as del Proceso de Beatificaci\u00f3n, como de su vida apost\u00f3lica.<\/p>\n\n\n\n<p>.<\/p>\n\n\n\n<figure class=\"wp-block-image size-large\"><img loading=\"lazy\" decoding=\"async\" width=\"1024\" height=\"630\" src=\"https:\/\/villacurabrochero.gov.ar\/turista\/wp-content\/uploads\/2021\/10\/Plaza-1024x630.jpg\" alt=\"\" class=\"wp-image-5232\" srcset=\"https:\/\/villacurabrochero.gov.ar\/turista\/wp-content\/uploads\/2021\/10\/Plaza-1024x630.jpg 1024w, https:\/\/villacurabrochero.gov.ar\/turista\/wp-content\/uploads\/2021\/10\/Plaza-300x185.jpg 300w, https:\/\/villacurabrochero.gov.ar\/turista\/wp-content\/uploads\/2021\/10\/Plaza-768x473.jpg 768w, https:\/\/villacurabrochero.gov.ar\/turista\/wp-content\/uploads\/2021\/10\/Plaza.jpg 1300w\" sizes=\"auto, (max-width: 1024px) 100vw, 1024px\" \/><\/figure>\n\n\n\n<h2 class=\"wp-block-heading\"><strong>Plaza Centenario<\/strong> <\/h2>\n\n\n\n<p>Su trazado fue hecho por el fundador del pueblo,<strong> Francisco Aguirre<\/strong>. Considerada el centro del pueblo, supo contener la fuente de agua construida por <strong>Brochero<\/strong> que prove\u00eda de agua a todas las familias y aqu\u00ed mismo se reun\u00edan todos los materiales para cada una de las construcciones que luego se fueron inaugurando en la Villa del Tr\u00e1nsito.<\/p>\n\n\n\n<p>Concentra en su entorno los principales edificios: la iglesia, la Casa de ejercicios, el colegio Tr\u00e1nsito de Mar\u00eda, la comisar\u00eda, la antigua escuela Fiscal en el \u00e1ngulo sudoeste de la Plaza. En el centro de la plaza una estatua de bronce representa al cura Brochero de pie, se\u00f1alando la casa de ejercicios. Fue realizada por el escultor <strong>Alejandro Pereckrest <\/strong>e inaugurada el 26 de enero de 1922.<\/p>\n\n\n\n<p>Otra obra de arte que rinde honor a las familias pasteliteras es el monumento al <strong>Pastelitero \u00abGabriel\u00bb,<\/strong> emplazado el 26 de enero de 1996, obra realizada por la artista <strong>Lucy Leoni<\/strong>.&nbsp;<\/p>\n\n\n\n<p>En 2013 con motivo de la beatificaci\u00f3n del <strong>Cura Gaucho<\/strong>, la plaza fue remodelada. Actualmente cuenta con una explanada donde se celebran misas multitudinarias y sirve a su vez para convocar a los pobladores y visitantes a las m\u00e1s diversas manifestaciones art\u00edstico-culturales; encontramos all\u00ed tambi\u00e9n el paseo de artesanos y una oficina de informes tur\u00edsticos adem\u00e1s de una variedad de comercios gastron\u00f3micos a su alrededor.&nbsp;<\/p>\n\n\n\n<p>.<\/p>\n\n\n\n<figure class=\"wp-block-image size-large\"><img loading=\"lazy\" decoding=\"async\" width=\"1024\" height=\"630\" src=\"https:\/\/villacurabrochero.gov.ar\/turista\/wp-content\/uploads\/2021\/10\/CristoBlanco-1024x630.jpg\" alt=\"\" class=\"wp-image-5238\" srcset=\"https:\/\/villacurabrochero.gov.ar\/turista\/wp-content\/uploads\/2021\/10\/CristoBlanco-1024x630.jpg 1024w, https:\/\/villacurabrochero.gov.ar\/turista\/wp-content\/uploads\/2021\/10\/CristoBlanco-300x185.jpg 300w, https:\/\/villacurabrochero.gov.ar\/turista\/wp-content\/uploads\/2021\/10\/CristoBlanco-768x473.jpg 768w, https:\/\/villacurabrochero.gov.ar\/turista\/wp-content\/uploads\/2021\/10\/CristoBlanco.jpg 1300w\" sizes=\"auto, (max-width: 1024px) 100vw, 1024px\" \/><\/figure>\n\n\n\n<h2 class=\"wp-block-heading\"> <strong>Cristo Blanco \u2013 Cerro La Cruz<\/strong> <\/h2>\n\n\n\n<p>La imagen del <strong>Sagrado Coraz\u00f3n<\/strong>, de 2 metros de altura, en el <strong>Cerro de la Cruz<\/strong>, antecede al predio donde se llevar\u00e1 a cabo la Ceremonia de Beatificaci\u00f3n, el 14 de septiembre de 2013. Est\u00e1 realizado en cemento blanco y marmolina sobre piedras de cuarzo blanco, en \u00e9pocas del <strong>cura Brochero<\/strong> los ejercitantes se dirig\u00edan all\u00ed en peregrinaci\u00f3n para ofrecer los frutos y prop\u00f3sitos resultantes de los Ejercicios Espirituales ante la cruz all\u00ed emplazada. Como era costumbre en las <strong>Misiones Jesu\u00edticas<\/strong> se erig\u00eda una cruz.&nbsp;<\/p>\n\n\n\n<p>Esta escultura de la imagen del <strong>Sagrado Coraz\u00f3n<\/strong> se inaugur\u00f3 en el a\u00f1o 1944 impulsada por el <strong>padre Aznar<\/strong>, se encuentra ubicada a 400 metros de la plaza Centenario.<\/p>\n\n\n\n<p>Este emplazamiento fue ocupado con anterioridad por dos cruces; la primera fue colocada en el a\u00f1o 1874 y debido al deterioro sufrido por el paso del tiempo fue reemplazada en el a\u00f1o 1923 por la cruz que luego fuera destruida por un fuerte vendaval.<\/p>\n\n\n\n<p>Antiguamente los ejercitantes se dirig\u00edan all\u00ed en peregrinaci\u00f3n para ofrecer los frutos y prop\u00f3sitos de los ejercicios espirituales.<\/p>\n\n\n\n<p>Esta escultura fue testigo el 14 de septiembre de 2013 de la ceremonia multitudinaria de la beatificaci\u00f3n de <strong>Jos\u00e9 Gabriel del Rosario Brochero<\/strong>, la cual tuvo lugar en los campos linderos a la misma.<\/p>\n\n\n\n<p>.<\/p>\n\n\n\n<figure class=\"wp-block-image size-large\"><img loading=\"lazy\" decoding=\"async\" width=\"1024\" height=\"630\" src=\"https:\/\/villacurabrochero.gov.ar\/turista\/wp-content\/uploads\/2021\/10\/LosChiflones-1024x630.jpg\" alt=\"\" class=\"wp-image-5241\" srcset=\"https:\/\/villacurabrochero.gov.ar\/turista\/wp-content\/uploads\/2021\/10\/LosChiflones-1024x630.jpg 1024w, https:\/\/villacurabrochero.gov.ar\/turista\/wp-content\/uploads\/2021\/10\/LosChiflones-300x185.jpg 300w, https:\/\/villacurabrochero.gov.ar\/turista\/wp-content\/uploads\/2021\/10\/LosChiflones-768x473.jpg 768w, https:\/\/villacurabrochero.gov.ar\/turista\/wp-content\/uploads\/2021\/10\/LosChiflones.jpg 1300w\" sizes=\"auto, (max-width: 1024px) 100vw, 1024px\" \/><\/figure>\n\n\n\n<h2 class=\"wp-block-heading\"><strong>Acueducto Los Chiflones<\/strong> <\/h2>\n\n\n\n<p><em>Camino a las maravillas. Paraje Los Chiflones.<br>Desde la Ruta Provincial 15 se accede al acueducto por el camino a Las Maravillas (Padre Ricardo Ricotti), o recorriendo la costa del r\u00edo hacia el norte (calle F. Altamirano).<\/em><br><\/p>\n\n\n\n<p>El 15 de septiembre de 1882 el <strong>Cura Brochero<\/strong> obtuvo una subvenci\u00f3n del gobernador <strong>Ram\u00f3n J. C\u00e1rcano<\/strong> para construir un canal de riego, con la finalidad de proveer agua del r\u00edo Panaholma a los vecinos del pueblo, la Casa de Ejercicios, el Colegio de Ni\u00f1as y los cultivos de la huerta. Estaba construido con piedra y material cocido y ten\u00eda una extensi\u00f3n de 3km. Junto con el acueducto se construy\u00f3 una fuente en la plaza para proveer de agua al vecindario.<\/p>\n\n\n\n<p>En el a\u00f1o 2013 con motivo de la beatificaci\u00f3n del<strong> Cura Brochero<\/strong> fue restaurado y puesto en valor.<\/p>\n\n\n\n<p>Esta obra fue denominada <strong>\u00abLos Chiflones\u00bb <\/strong>que significa \u201chueco o erosi\u00f3n hecha por el agua\u201d.<\/p>\n\n\n\n<p>En la actualidad se puede visitar una porci\u00f3n de dicho acueducto el cual se encuentra reconstruido en un importante porcentaje, dado el deterioro que ha sufrido al estar ubicado en una escorrent\u00eda natural.<\/p>\n\n\n\n<p><\/p>\n\n\n\n<p><\/p>\n\n\n\n<p><\/p>\n\n\n\n<p>. Video de lenguaje de se\u00f1as en cada atracci\u00f3n.<\/p>\n\n\n\n<p>.  Archivo de audio texto en cada atracci\u00f3n.<\/p>\n","protected":false},"excerpt":{"rendered":"<p>Si tu objetivo es conocer la vida y obra en Traslasierra del Santo Jos\u00e9 Gabriel del Rosario Brochero, nuestro \u201cCura Gaucho\u201d, te invitamos a hacer un recorrido por el circuito hist\u00f3rico, cultural y religioso de nuestra localidad acompa\u00f1ado de un Gu\u00eda Local. El conjunto arquitect\u00f3nico conformado por el Colegio de Ni\u00f1as (hoy colegio Tr\u00e1nsito de Mar\u00eda) y Capilla del Sagrado Coraz\u00f3n de Jes\u00fas, la Casa de Ejercicios Espirituales (hoy Museo Brocheriano), el Santuario Nuestra Se\u00f1ora del Tr\u00e1nsito y Santo Cura Brochero y la Casa de las Hermanas Esclavas del Coraz\u00f3n [&hellip;]<\/p>\n","protected":false},"author":1,"featured_media":0,"parent":0,"menu_order":0,"comment_status":"closed","ping_status":"closed","template":"","meta":{"footnotes":""},"class_list":["post-5014","page","type-page","status-publish","hentry"],"_links":{"self":[{"href":"https:\/\/villacurabrochero.gov.ar\/turista\/wp-json\/wp\/v2\/pages\/5014","targetHints":{"allow":["GET"]}}],"collection":[{"href":"https:\/\/villacurabrochero.gov.ar\/turista\/wp-json\/wp\/v2\/pages"}],"about":[{"href":"https:\/\/villacurabrochero.gov.ar\/turista\/wp-json\/wp\/v2\/types\/page"}],"author":[{"embeddable":true,"href":"https:\/\/villacurabrochero.gov.ar\/turista\/wp-json\/wp\/v2\/users\/1"}],"replies":[{"embeddable":true,"href":"https:\/\/villacurabrochero.gov.ar\/turista\/wp-json\/wp\/v2\/comments?post=5014"}],"version-history":[{"count":22,"href":"https:\/\/villacurabrochero.gov.ar\/turista\/wp-json\/wp\/v2\/pages\/5014\/revisions"}],"predecessor-version":[{"id":5323,"href":"https:\/\/villacurabrochero.gov.ar\/turista\/wp-json\/wp\/v2\/pages\/5014\/revisions\/5323"}],"wp:attachment":[{"href":"https:\/\/villacurabrochero.gov.ar\/turista\/wp-json\/wp\/v2\/media?parent=5014"}],"curies":[{"name":"wp","href":"https:\/\/api.w.org\/{rel}","templated":true}]}}