{"id":5020,"date":"2021-10-08T12:09:38","date_gmt":"2021-10-08T15:09:38","guid":{"rendered":"https:\/\/villacurabrochero.gov.ar\/turista\/?page_id=5020"},"modified":"2022-06-26T08:53:57","modified_gmt":"2022-06-26T11:53:57","slug":"nuestro-santo","status":"publish","type":"page","link":"https:\/\/villacurabrochero.gov.ar\/turista\/nuestro-santo\/","title":{"rendered":"Nuestro santo"},"content":{"rendered":"\n<p>Jos\u00e9 Gabriel de<strong>l Rosario Brochero<\/strong>, naci\u00f3 el 16 de marzo de 1840 en Carreta Quemada, un paraje que pertenece a Villa de Santa Rosa, al norte de la provincia de C\u00f3rdoba.<br><br>Sus padres fueron do\u00f1a <strong>Petrona D\u00e1vila<\/strong> y <strong>don Ignacio Brochero<\/strong>, y \u00e9l era el cuarto de diez hermanos, que viv\u00edan de las labores rurales de su padre. <br><br>Formaban una familia de profunda vida. Fue bautizado al d\u00eda siguiente de nacer en la parroquia de Santa Rosa.<br><br>Camino al sacerdocio El 5 de marzo de 1856, <strong>Jos\u00e9 Gabriel <\/strong>ingres\u00f3 en el seminario \u201cNuestra Se\u00f1ora de Loreto\u201d en la ciudad de C\u00f3rdoba. Por aquel tiempo los seminaristas estudiaban lat\u00edn y otras disciplinas eclesi\u00e1sticas, pero las dem\u00e1s asignaturas deb\u00edan cursarlas en las aulas de la Universidad de Trejo y Sanabria. Es en esa casa de estudios donde tendr\u00e1 por camaradas y conquistar\u00e1 su indeclinable amistad de personas luego destacadas como el doctor <strong>Ram\u00f3n J. C\u00e1rcano<\/strong>, quien fuera gobernador de la provincia de C\u00f3rdoba y primer bi\u00f3grafo del famoso sacerdote. <br><br>Durante sus a\u00f1os de seminarista en C\u00f3rdoba, <strong>Jos\u00e9 Gabriel <\/strong>conoci\u00f3 la Casa de Ejercicios que dirig\u00edan los Padres de la Compa\u00f1\u00eda de Jes\u00fas. Experiment\u00f3 personalmente la eficacia de los Ejercicios Espirituales de San Ignacio y colabor\u00f3 eficazmente con los sacerdotes que los dirig\u00edan. <br><br>El 18 de noviembre 1866 fue ordenado sacerdote, se desempe\u00f1\u00f3 como capell\u00e1n de coro de la Catedral de C\u00f3rdoba.<br><br>A fines de 1867 despuntaba en C\u00f3rdoba el primer brote del c\u00f3lera que seg\u00f3 m\u00e1s de 4.000 vidas en poco tiempo, fueron d\u00edas de terrible aflicci\u00f3n, de p\u00e1nico y mortandad nunca vistos en la capital y en toda la provincia. Esta dura ocasi\u00f3n puso a prueba el celo del joven sacerdote que se prodig\u00f3 enteramente, jug\u00e1ndose sin miramientos la salud y la vida en favor de sus pr\u00f3jimos.<\/p>\n\n\n\n<p>.<\/p>\n\n\n\n<h2 class=\"wp-block-heading\"> Camino a las sierras <\/h2>\n\n\n\n<p>El 24 de noviembre de 1869 <strong>Jos\u00e9 Gabriel<\/strong>, parte acompa\u00f1ado por un baqueano, hacia la sede de su curato, en la Villa de San Pedro. Lo aguardan tres largas jornadas de viaje en mula a trav\u00e9s de m\u00e1s de dos mil metros de altura de la Pampa de Achala. El curato de San Alberto abarcaba cuatro departamentos del oeste cordob\u00e9s, con una extensi\u00f3n aproximada de veintitr\u00e9s leguas de este a oeste y casi igual de norte a sur. <br><br>San Javier ten\u00eda una poblaci\u00f3n de 12.965 habitantes; San Alberto, 10.118; Minas, 8102 y Pocho, 6210 habitantes; esto es, m\u00e1s de 37.000 almas por atender. S\u00famensele los pueblos vecinos de San Luis y La Rioja que tambi\u00e9n deb\u00edan ser atendidos debido a la escasez de curas. <br><br>Apenas llegado a su destino lo primero que hizo <strong>Jos\u00e9 Gabriel <\/strong>fue empaparse del ambiente, conociendo su cultura, sus vidas sus metas y aspiraciones. Criollo de la m\u00e1s genuina cepa, supo adaptarse notablemente al lugar y a las personas. Visitando ranchos desperdigados por quebradas y vegas les hablaba y los escuchaba.  Los pobladores Indolentes y despreocupados; la indiferencia religiosa reina entre no pocos de ellos. Otros, entregados a los vicios del robo y de la borrachera, y no pocas situaciones irregulares faltaban en la vida familiar.<br><br>Se encontr\u00f3 con muchos tipos de falencias morales y estructurales. Varias poblaciones no contaban con capillas y, donde exist\u00edan, estaban en tal estado que hab\u00eda que reconstruirlas<br><br>Nuestro Santo cura sabia lo importante que eran los ejercicios espirituales para la salvaci\u00f3n de las almas, que supo llevar centenares de hombres y mujeres, por separados a C\u00f3rdoba, en plenos inviernos, atravesando las escarpadas sierras de casi 2.000 metros de altura, casi sin caminos y las pocas sendas que hab\u00eda muchas veces estaban cubiertas de nieve, afrontando lluvias vendavales y nevadas.<\/p>\n\n\n\n<p>.<\/p>\n\n\n\n<h2 class=\"wp-block-heading\"> Casa de ejercicios espirituales y otras obras realizadas <\/h2>\n\n\n\n<p>Much\u00edsimas eran las conversiones que se suscitaban en los Ejercicios Espirituales realizados en C\u00f3rdoba. Ya los habitantes de Traslasierra deseaban se levantase una Casa de Ejercicios y con insistencia le ped\u00edan a <strong>Brochero<\/strong>. Hab\u00eda mucha gente que pese a sus fervorosos deseos por entrar en ellos no pod\u00eda hacerlo.<\/p>\n\n\n\n<p><br>En 1875, con la ayuda de sus feligreses, comenz\u00f3 la construcci\u00f3n de la Casa de Ejercicios de la entonces Villa del Tr\u00e1nsito. Fue inaugurada en 1877 con tandas que superaron las 700 personas, pasando por la misma, durante su ministerio parroquial m\u00e1s de 40.000 personas. El \u00faltimo d\u00eda de los ejercicios.<br>(otras obras realizadas por Brochero; la escuela de ni\u00f1as, el acueducto los chiflones, construyo y restauro capillas, hizo caminos, canales de riego diques, trajo el correo, proyecto el ferrocarril, emprendi\u00f3 la construcci\u00f3n de ranchos para familias necesitadas o con enfermos de colera, etc.)<\/p>\n\n\n\n<p>.<\/p>\n\n\n\n<h2 class=\"wp-block-heading\"> Brochero Contrae la enfermedad de la lepra <\/h2>\n\n\n\n<p>El Cura Brochero contrajo esta terrible enfermedad por tratar y aliviar a otros Cristos que padec\u00edan de este mal.<br><br>\u201c\u00a1Ah\u00ed tambi\u00e9n hay un alma!\u201d fue la cristiana respuesta a los \u201cprudentes\u201d que le aconsejaban cuidarse. Mateaba con ellos para confortarlos en la tribulaci\u00f3n. Recib\u00eda el cimarr\u00f3n de manos del enfermo y segu\u00eda la ronda. El rumor de su enfermedad hace que algunos comiencen a evitarlo y otros, directamente, le huyan. Pero ninguna queja sale de su boca. Le duele, m\u00e1s los comprende. \u201cDesde ese momento ofrece al Se\u00f1or su vida por la salvaci\u00f3n de las almas\u00bb.<\/p>\n\n\n\n<p>.<\/p>\n\n\n\n<h2 class=\"wp-block-heading\"> La santa muerte de Brochero <\/h2>\n\n\n\n<p>A principios de 1914 su estado se agrava a\u00fan m\u00e1s. Al estar ciego y sin sensibilidad en el olfato no advierte que una mosca le entra por la nariz. Esta inocula los huevos y le provoca una miasis. Esta nueva enfermedad le trae aparejado terribles dolores de cabeza; y lo que fue peor: al enterarse la gente de que \u201cestaba agusanado\u201d, algunos se apartaron todav\u00eda m\u00e1s. <br><br>En esa terrible soledad estuvo el<strong> Pbro. Jos\u00e9 P\u00edo Angulo<\/strong>. Tres d\u00edas antes de morir quiso celebrar la Misa. Rezaba de memoria la de los difuntos, pero le sobrevino un desmayo y no pudo concluirla. El <strong>Pbro. Angulo<\/strong> se fue hasta Mina Clavero para pedir ayuda al m\u00e9dico <strong>Meana<\/strong>. Se le aplicaron inyecciones de morfina para las neuritis terriblemente dolorosas que le aquejaban. Calmado de los dolores y clareado en su mente, <strong>Brochero<\/strong> pidi\u00f3 la confesi\u00f3n y recibi\u00f3 el Santo Vi\u00e1tico sentado en la cama y con la sotana puesta, con su fe viva y tierna, que cegado en sus ojos de carne y teniendo en sus manos el Santo Cristo, parec\u00eda contemplarlo\u201d. <br><br>El Santo Cura pidi\u00f3 el Rosario y el Breviario, y repet\u00eda la jaculatoria: \u201cJes\u00fas, Jos\u00e9 y Mar\u00eda, sed la salvaci\u00f3n del alma m\u00eda\u201d. <br><br>El 26 de enero de 1914 lo llam\u00f3 el Padre, para premiar as\u00ed una existencia entregada por completo al bien.<\/p>\n\n\n\n<p>.<\/p>\n\n\n\n<h2 class=\"wp-block-heading\">Milagros atribuidos a la interseci\u00f3n del Santa Cura Brochero.<\/h2>\n\n\n\n<p><strong>Nicol\u00e1s Flores<\/strong><br><br>En febrero de 2009 se inici\u00f3 en C\u00f3rdoba un proceso que tuvo por objeto analizar un presunto milagro atribuido a la intercesi\u00f3n del Venerable <strong>Jos\u00e9 Gabriel del Rosario Brochero<\/strong>. Se trataba de la recuperaci\u00f3n del ni\u00f1o<strong> Nicol\u00e1s Flores<\/strong>, que estuvo al borde de la muerte luego de tres paros cardiorrespiratorios, con p\u00e9rdida de masa \u00f3sea del cr\u00e1neo y masa encef\u00e1lica como resultado de un accidente automovil\u00edstico sufrido en Falda del Ca\u00f1ete (C\u00f3rdoba) el 28 de septiembre de 2000. <br><br>Su padre, <strong>Osvaldo Flores<\/strong>, hab\u00eda pedido al <strong>Cura Brochero <\/strong>que intercediera por la vida de <strong>Nicol\u00e1s<\/strong>. En julio de 2012 se reuni\u00f3 una comisi\u00f3n de te\u00f3logos para observar el caso y finalmente se expidieron positivamente en forma un\u00e1nime. <br><br>En octubre se reuni\u00f3 en sesi\u00f3n ordinaria una comisi\u00f3n integrada por obispos y cardenales que estudiaron todo el proceso can\u00f3nico y las conclusiones fueron elevadas al papa <strong>Benedicto XVI<\/strong> por el prefecto de la Congregaci\u00f3n Pontificia para la Causa de los Santos, el cardenal <strong>\u00c1ngelo Amato<\/strong>. El 20 de diciembre de 2012,<strong> Benedicto XVI<\/strong> firm\u00f3 el decreto de beatificaci\u00f3n que reconoc\u00eda el milagro del <strong>Cura Brochero<\/strong>.<\/p>\n\n\n\n<p><br><strong>Camila Brusotti<\/strong><br><br>El 22 de enero de 2016, el <strong>Papa Francisco<\/strong> aprob\u00f3 la promulgaci\u00f3n del decreto que reconoce el segundo milagro atribuido a la intercesi\u00f3n del Beato <strong>Jos\u00e9 Gabriel del Rosario Brochero<\/strong> y el consistorio celebrado el 15 de marzo de 2016 fij\u00f3 la fecha de su canonizaci\u00f3n para el 16 de octubre. <br><br>Se trata de la recuperaci\u00f3n de la ni\u00f1a sanjuanina <strong>Camila Brusotti<\/strong>, de siete a\u00f1os de edad, quien en octubre de 2013 fuera brutalmente golpeada por su madre y su padrastro sufriendo un infarto masivo en el hemisferio cerebral derecho. <br><br>La junta compuesta por siete m\u00e9dicos consider\u00f3 la recuperaci\u00f3n como un hecho extraordinario, pues se esperaba que no viviera m\u00e1s de 72 horas o que quedara en estado vegetativo. <br><br>En menos de dos meses, <strong>Camila,<\/strong> recuper\u00f3 los sentidos y fue dada de alta. Amigos y conocidos de su padre y abuelos, al ver la similitud con el milagro obrado en la recuperaci\u00f3n de <strong>Nicol\u00e1s Flores<\/strong> pidieron la intercesi\u00f3n del Beato<strong> Cura Brochero<\/strong>.<\/p>\n\n\n\n<p><\/p>\n\n\n\n<p><\/p>\n","protected":false},"excerpt":{"rendered":"<p>Jos\u00e9 Gabriel del Rosario Brochero, naci\u00f3 el 16 de marzo de 1840 en Carreta Quemada, un paraje que pertenece a Villa de Santa Rosa, al norte de la provincia de C\u00f3rdoba. Sus padres fueron do\u00f1a Petrona D\u00e1vila y don Ignacio Brochero, y \u00e9l era el cuarto de diez hermanos, que viv\u00edan de las labores rurales de su padre. Formaban una familia de profunda vida. Fue bautizado al d\u00eda siguiente de nacer en la parroquia de Santa Rosa. Camino al sacerdocio El 5 de marzo de 1856, Jos\u00e9 Gabriel ingres\u00f3 en [&hellip;]<\/p>\n","protected":false},"author":1,"featured_media":0,"parent":0,"menu_order":0,"comment_status":"closed","ping_status":"closed","template":"","meta":{"footnotes":""},"class_list":["post-5020","page","type-page","status-publish","hentry"],"_links":{"self":[{"href":"https:\/\/villacurabrochero.gov.ar\/turista\/wp-json\/wp\/v2\/pages\/5020","targetHints":{"allow":["GET"]}}],"collection":[{"href":"https:\/\/villacurabrochero.gov.ar\/turista\/wp-json\/wp\/v2\/pages"}],"about":[{"href":"https:\/\/villacurabrochero.gov.ar\/turista\/wp-json\/wp\/v2\/types\/page"}],"author":[{"embeddable":true,"href":"https:\/\/villacurabrochero.gov.ar\/turista\/wp-json\/wp\/v2\/users\/1"}],"replies":[{"embeddable":true,"href":"https:\/\/villacurabrochero.gov.ar\/turista\/wp-json\/wp\/v2\/comments?post=5020"}],"version-history":[{"count":3,"href":"https:\/\/villacurabrochero.gov.ar\/turista\/wp-json\/wp\/v2\/pages\/5020\/revisions"}],"predecessor-version":[{"id":5545,"href":"https:\/\/villacurabrochero.gov.ar\/turista\/wp-json\/wp\/v2\/pages\/5020\/revisions\/5545"}],"wp:attachment":[{"href":"https:\/\/villacurabrochero.gov.ar\/turista\/wp-json\/wp\/v2\/media?parent=5020"}],"curies":[{"name":"wp","href":"https:\/\/api.w.org\/{rel}","templated":true}]}}

<p>José Gabriel de<strong>l Rosario Brochero</strong>, nació el 16 de marzo de 1840 en Carreta Quemada, un paraje que pertenece a Villa de Santa Rosa, al norte de la provincia de Córdoba.<br><br>Sus padres fueron doña <strong>Petrona Dávila</strong> y <strong>don Ignacio Brochero</strong>, y él era el cuarto de diez hermanos, que vivían de las labores rurales de su padre. <br><br>Formaban una familia de profunda vida. Fue bautizado al día siguiente de nacer en la parroquia de Santa Rosa.<br><br>Camino al sacerdocio El 5 de marzo de 1856, <strong>José Gabriel </strong>ingresó en el seminario “Nuestra Señora de Loreto” en la ciudad de Córdoba. Por aquel tiempo los seminaristas estudiaban latín y otras disciplinas eclesiásticas, pero las demás asignaturas debían cursarlas en las aulas de la Universidad de Trejo y Sanabria. Es en esa casa de estudios donde tendrá por camaradas y conquistará su indeclinable amistad de personas luego destacadas como el doctor <strong>Ramón J. Cárcano</strong>, quien fuera gobernador de la provincia de Córdoba y primer biógrafo del famoso sacerdote. <br><br>Durante sus años de seminarista en Córdoba, <strong>José Gabriel </strong>conoció la Casa de Ejercicios que dirigían los Padres de la Compañía de Jesús. Experimentó personalmente la eficacia de los Ejercicios Espirituales de San Ignacio y colaboró eficazmente con los sacerdotes que los dirigían. <br><br>El 18 de noviembre 1866 fue ordenado sacerdote, se desempeñó como capellán de coro de la Catedral de Córdoba.<br><br>A fines de 1867 despuntaba en Córdoba el primer brote del cólera que segó más de 4.000 vidas en poco tiempo, fueron días de terrible aflicción, de pánico y mortandad nunca vistos en la capital y en toda la provincia. Esta dura ocasión puso a prueba el celo del joven sacerdote que se prodigó enteramente, jugándose sin miramientos la salud y la vida en favor de sus prójimos.</p>



<p>.</p>



<h2 class="wp-block-heading"> Camino a las sierras </h2>



<p>El 24 de noviembre de 1869 <strong>José Gabriel</strong>, parte acompañado por un baqueano, hacia la sede de su curato, en la Villa de San Pedro. Lo aguardan tres largas jornadas de viaje en mula a través de más de dos mil metros de altura de la Pampa de Achala. El curato de San Alberto abarcaba cuatro departamentos del oeste cordobés, con una extensión aproximada de veintitrés leguas de este a oeste y casi igual de norte a sur. <br><br>San Javier tenía una población de 12.965 habitantes; San Alberto, 10.118; Minas, 8102 y Pocho, 6210 habitantes; esto es, más de 37.000 almas por atender. Súmensele los pueblos vecinos de San Luis y La Rioja que también debían ser atendidos debido a la escasez de curas. <br><br>Apenas llegado a su destino lo primero que hizo <strong>José Gabriel </strong>fue empaparse del ambiente, conociendo su cultura, sus vidas sus metas y aspiraciones. Criollo de la más genuina cepa, supo adaptarse notablemente al lugar y a las personas. Visitando ranchos desperdigados por quebradas y vegas les hablaba y los escuchaba.  Los pobladores Indolentes y despreocupados; la indiferencia religiosa reina entre no pocos de ellos. Otros, entregados a los vicios del robo y de la borrachera, y no pocas situaciones irregulares faltaban en la vida familiar.<br><br>Se encontró con muchos tipos de falencias morales y estructurales. Varias poblaciones no contaban con capillas y, donde existían, estaban en tal estado que había que reconstruirlas<br><br>Nuestro Santo cura sabia lo importante que eran los ejercicios espirituales para la salvación de las almas, que supo llevar centenares de hombres y mujeres, por separados a Córdoba, en plenos inviernos, atravesando las escarpadas sierras de casi 2.000 metros de altura, casi sin caminos y las pocas sendas que había muchas veces estaban cubiertas de nieve, afrontando lluvias vendavales y nevadas.</p>



<p>.</p>



<h2 class="wp-block-heading"> Casa de ejercicios espirituales y otras obras realizadas </h2>



<p>Muchísimas eran las conversiones que se suscitaban en los Ejercicios Espirituales realizados en Córdoba. Ya los habitantes de Traslasierra deseaban se levantase una Casa de Ejercicios y con insistencia le pedían a <strong>Brochero</strong>. Había mucha gente que pese a sus fervorosos deseos por entrar en ellos no podía hacerlo.</p>



<p><br>En 1875, con la ayuda de sus feligreses, comenzó la construcción de la Casa de Ejercicios de la entonces Villa del Tránsito. Fue inaugurada en 1877 con tandas que superaron las 700 personas, pasando por la misma, durante su ministerio parroquial más de 40.000 personas. El último día de los ejercicios.<br>(otras obras realizadas por Brochero; la escuela de niñas, el acueducto los chiflones, construyo y restauro capillas, hizo caminos, canales de riego diques, trajo el correo, proyecto el ferrocarril, emprendió la construcción de ranchos para familias necesitadas o con enfermos de colera, etc.)</p>



<p>.</p>



<h2 class="wp-block-heading"> Brochero Contrae la enfermedad de la lepra </h2>



<p>El Cura Brochero contrajo esta terrible enfermedad por tratar y aliviar a otros Cristos que padecían de este mal.<br><br>“¡Ahí también hay un alma!” fue la cristiana respuesta a los “prudentes” que le aconsejaban cuidarse. Mateaba con ellos para confortarlos en la tribulación. Recibía el cimarrón de manos del enfermo y seguía la ronda. El rumor de su enfermedad hace que algunos comiencen a evitarlo y otros, directamente, le huyan. Pero ninguna queja sale de su boca. Le duele, más los comprende. “Desde ese momento ofrece al Señor su vida por la salvación de las almas».</p>



<p>.</p>



<h2 class="wp-block-heading"> La santa muerte de Brochero </h2>



<p>A principios de 1914 su estado se agrava aún más. Al estar ciego y sin sensibilidad en el olfato no advierte que una mosca le entra por la nariz. Esta inocula los huevos y le provoca una miasis. Esta nueva enfermedad le trae aparejado terribles dolores de cabeza; y lo que fue peor: al enterarse la gente de que “estaba agusanado”, algunos se apartaron todavía más. <br><br>En esa terrible soledad estuvo el<strong> Pbro. José Pío Angulo</strong>. Tres días antes de morir quiso celebrar la Misa. Rezaba de memoria la de los difuntos, pero le sobrevino un desmayo y no pudo concluirla. El <strong>Pbro. Angulo</strong> se fue hasta Mina Clavero para pedir ayuda al médico <strong>Meana</strong>. Se le aplicaron inyecciones de morfina para las neuritis terriblemente dolorosas que le aquejaban. Calmado de los dolores y clareado en su mente, <strong>Brochero</strong> pidió la confesión y recibió el Santo Viático sentado en la cama y con la sotana puesta, con su fe viva y tierna, que cegado en sus ojos de carne y teniendo en sus manos el Santo Cristo, parecía contemplarlo”. <br><br>El Santo Cura pidió el Rosario y el Breviario, y repetía la jaculatoria: “Jesús, José y María, sed la salvación del alma mía”. <br><br>El 26 de enero de 1914 lo llamó el Padre, para premiar así una existencia entregada por completo al bien.</p>



<p>.</p>



<h2 class="wp-block-heading">Milagros atribuidos a la interseción del Santa Cura Brochero.</h2>



<p><strong>Nicolás Flores</strong><br><br>En febrero de 2009 se inició en Córdoba un proceso que tuvo por objeto analizar un presunto milagro atribuido a la intercesión del Venerable <strong>José Gabriel del Rosario Brochero</strong>. Se trataba de la recuperación del niño<strong> Nicolás Flores</strong>, que estuvo al borde de la muerte luego de tres paros cardiorrespiratorios, con pérdida de masa ósea del cráneo y masa encefálica como resultado de un accidente automovilístico sufrido en Falda del Cañete (Córdoba) el 28 de septiembre de 2000. <br><br>Su padre, <strong>Osvaldo Flores</strong>, había pedido al <strong>Cura Brochero </strong>que intercediera por la vida de <strong>Nicolás</strong>. En julio de 2012 se reunió una comisión de teólogos para observar el caso y finalmente se expidieron positivamente en forma unánime. <br><br>En octubre se reunió en sesión ordinaria una comisión integrada por obispos y cardenales que estudiaron todo el proceso canónico y las conclusiones fueron elevadas al papa <strong>Benedicto XVI</strong> por el prefecto de la Congregación Pontificia para la Causa de los Santos, el cardenal <strong>Ángelo Amato</strong>. El 20 de diciembre de 2012,<strong> Benedicto XVI</strong> firmó el decreto de beatificación que reconocía el milagro del <strong>Cura Brochero</strong>.</p>



<p><br><strong>Camila Brusotti</strong><br><br>El 22 de enero de 2016, el <strong>Papa Francisco</strong> aprobó la promulgación del decreto que reconoce el segundo milagro atribuido a la intercesión del Beato <strong>José Gabriel del Rosario Brochero</strong> y el consistorio celebrado el 15 de marzo de 2016 fijó la fecha de su canonización para el 16 de octubre. <br><br>Se trata de la recuperación de la niña sanjuanina <strong>Camila Brusotti</strong>, de siete años de edad, quien en octubre de 2013 fuera brutalmente golpeada por su madre y su padrastro sufriendo un infarto masivo en el hemisferio cerebral derecho. <br><br>La junta compuesta por siete médicos consideró la recuperación como un hecho extraordinario, pues se esperaba que no viviera más de 72 horas o que quedara en estado vegetativo. <br><br>En menos de dos meses, <strong>Camila,</strong> recuperó los sentidos y fue dada de alta. Amigos y conocidos de su padre y abuelos, al ver la similitud con el milagro obrado en la recuperación de <strong>Nicolás Flores</strong> pidieron la intercesión del Beato<strong> Cura Brochero</strong>.</p>



<p></p>



<p></p>

<p>José Gabriel del Rosario Brochero, nació el 16 de marzo de 1840 en Carreta Quemada, un paraje que pertenece a Villa de Santa Rosa, al norte de la provincia de Córdoba. Sus padres fueron doña Petrona Dávila y don Ignacio Brochero, y él era el cuarto de diez hermanos, que vivían de las labores rurales de su padre. Formaban una familia de profunda vida. Fue bautizado al día siguiente de nacer en la parroquia de Santa Rosa. Camino al sacerdocio El 5 de marzo de 1856, José Gabriel ingresó en [&hellip;]</p>
