{"id":5040,"date":"2021-10-08T12:52:25","date_gmt":"2021-10-08T15:52:25","guid":{"rendered":"https:\/\/villacurabrochero.gov.ar\/turista\/?page_id=5040"},"modified":"2022-06-25T21:03:45","modified_gmt":"2022-06-26T00:03:45","slug":"parques-recreativos","status":"publish","type":"page","link":"https:\/\/villacurabrochero.gov.ar\/turista\/parques-recreativos\/","title":{"rendered":"Parques recreativos"},"content":{"rendered":"\n<h2 class=\"wp-block-heading\"> <strong>Parque Acu\u00e1tico Los Serranitos.<\/strong> <\/h2>\n\n\n\n<p>El parque es ideal para disfrutar del verano con toda la familia y amigos de una inolvidable jornada. <br>Ofrece cinco piscinas para distintas edades, toboganes acu\u00e1ticos, plaza h\u00fameda, resto bar (comidas y bebidas), cocheras techadas, sanitarios, seguridad en todos los espacios y guardavidas.<\/p>\n\n\n\n<p>Se encuentra ubicado en Av. Cura Gaucho N\u00b0 350, esquina Juan Manuel de Rosas.<\/p>\n\n\n\n<p>Sitio web: <a href=\"http:\/\/www.losserranitos.com\/parque\">www.losserranitos.com\/parque<\/a><br>Correo: <a href=\"mailto:camping@losserranitos.com\">camping@losserranitos.com<\/a><br>Tel: 3544 -470817.<br>Horarios de atenci\u00f3n: A definir.<\/p>\n\n\n\n<p>.<\/p>\n\n\n\n<h2 class=\"wp-block-heading\">La Nonita<\/h2>\n\n\n\n<p>Horarios de atenci\u00f3n: <br>Desde el 10 de enero y todo el mes de febrero, de lunes a domingos desde las 18:00 hs hasta las 22:00 hs. (D\u00edas nublados o de lluvia el parque abre sus puertas a las 14:00 hs.)&nbsp;<\/p>\n\n\n\n<p>Tel: 3544-553220.<\/p>\n\n\n\n<p>.<\/p>\n\n\n\n<h2 class=\"wp-block-heading\"> <strong>Granja Finca El Encanto.<\/strong> <\/h2>\n\n\n\n<p>Visita una granja de animales y aprende m\u00e1s sobre la naturaleza y sobre las tareas del granjero y del agricultor que nos brindan cada d\u00eda alimentos ricos y saludables.&nbsp;<\/p>\n\n\n\n<p>Veni a disfrutar de actividades al aire libre en donde podr\u00e1s estar en pleno contacto con la naturaleza a trav\u00e9s de senderos por las sierras, vistas panor\u00e1micas, circuitos de animales de la granja, para visitar los corrales, alimentar a los animales y poder acariciarlos. <br>Tambi\u00e9n ofrece circuito de \u00e1rboles sorprendentes, pileta con agua de vertiente, juegos infantiles, de mesa y espacio recreativo. <br>Adem\u00e1s bar de campo para comer y beber en el lugar.&nbsp;<br>Se encuentra ubicado a 3 km de la plaza principal de Villa Cura Brochero, en calle Mariano Moreno s\/n camino a La Gloria.<\/p>\n\n\n\n<p>Correo: <a href=\"mailto:duttoh@hotmail.com\">duttoh@hotmail.com<\/a><br>Tel: 3544 \u2013 621188 \/ 611590.<\/p>\n\n\n\n<p>Horarios de atenci\u00f3n: <br>En enero y febrero todos los d\u00edas desde las 14:00 hs hasta las 21:00 hs. <br>Resto del a\u00f1o, s\u00e1bados, domingos y feriados desde las 14:00 hs hasta las 20:00 hs.<\/p>\n\n\n\n<p>.<\/p>\n\n\n\n<h2 class=\"wp-block-heading\"> <strong>\u201cEuzkadi Multiespacio El Castillo\u201d<\/strong><\/h2>\n\n\n\n<p>El sal\u00f3n  es el mejor lugar para poder disfrutar con la familia y amigos de los mejores bailes de las principales bandas de cuarteto, cumbia y folclore del pa\u00eds. <br>Este lugar cuenta con el mejor escenario, iluminaci\u00f3n y sonido, sal\u00f3n VIP, barras de tragos, personal y c\u00e1maras seguridad en todos los espacios, sanitarios, estacionamiento privado y guardarropa. <br>Tambi\u00e9n ofrece el servicio de sal\u00f3n, para fiestas y eventos.<br>Se encuentra ubicado en Ruta provincial 15, N\u00b0111, a unos 1.500 metros de Plaza Centenario. Al lado de \u201cComplejo Ruta 15\u201d.<\/p>\n\n\n\n<p>.<\/p>\n\n\n\n<h2 class=\"wp-block-heading\"> <strong>\u201cComplejo Ruta 15\u201d<\/strong> <\/h2>\n\n\n\n<p>Te ofrece una nueva opci\u00f3n para disfrutar con toda la familia para divertirte a lo grande. <br>El lugar cuenta con pista de karting para todas las edades. <br>Dispone del servicio de buffet, cancha de f\u00fatbol 5 y adem\u00e1s pod\u00e9s usar las instalaciones para festejar tus cumplea\u00f1os.<\/p>\n\n\n\n<p>Se encuentra ubicado en Ruta provincial 15, a unos 1.500 metros de Plaza Centenario. Al lado de Sal\u00f3n \u201cEuzkadi Multiespacio El Castillo\u201d.&nbsp;&nbsp;&nbsp;&nbsp;&nbsp;&nbsp;&nbsp;&nbsp;&nbsp;&nbsp;&nbsp;&nbsp;&nbsp;&nbsp;&nbsp;&nbsp;&nbsp;&nbsp;&nbsp;&nbsp;&nbsp;&nbsp;&nbsp;&nbsp;&nbsp;&nbsp;&nbsp;&nbsp;&nbsp;&nbsp;&nbsp;&nbsp;&nbsp;&nbsp;&nbsp;&nbsp;&nbsp;&nbsp;&nbsp;&nbsp;&nbsp;&nbsp;&nbsp;&nbsp;&nbsp;&nbsp;&nbsp;&nbsp;&nbsp;&nbsp;&nbsp;&nbsp;&nbsp;&nbsp;&nbsp;&nbsp;&nbsp;&nbsp;&nbsp;&nbsp;&nbsp;&nbsp;&nbsp;&nbsp;&nbsp;&nbsp;&nbsp;&nbsp;&nbsp;&nbsp;&nbsp;&nbsp;&nbsp;&nbsp;&nbsp;&nbsp;&nbsp;&nbsp;&nbsp;&nbsp;&nbsp;&nbsp;&nbsp;&nbsp;&nbsp;&nbsp;&nbsp;&nbsp;&nbsp;&nbsp;&nbsp;&nbsp;&nbsp;&nbsp;&nbsp;&nbsp;&nbsp;&nbsp;&nbsp;&nbsp;&nbsp;<\/p>\n\n\n\n<p>Horarios de atenci\u00f3n: <br>Desde las 18:00 hs hasta las 01:30 hs.<br>Tel: 3544 55-5279 \/ 3543 589587.<\/p>\n\n\n\n<p>.<\/p>\n\n\n\n<h2 class=\"wp-block-heading\">Y adem\u00e1s:<\/h2>\n\n\n\n<p><a href=\"https:\/\/villacurabrochero.gov.ar\/turista\/excursiones\">Excursiones<\/a><br><a href=\"https:\/\/villacurabrochero.gov.ar\/turista\/prestadores-de-turismo-alternativo\">Prestadores de Turismo Alternativo<\/a><br><a href=\"https:\/\/villacurabrochero.gov.ar\/turista\/guias-de-turismo-local\">Gu\u00edas de Turismo Local<\/a><br><a href=\"https:\/\/villacurabrochero.gov.ar\/turista\/agencias-de-viajes\">Agencias de Viajes<\/a><br><a href=\"https:\/\/villacurabrochero.gov.ar\/turista\/feria-artesanal\">Feria Artesanal<\/a><\/p>\n\n\n\n<p><br><\/p>\n","protected":false},"excerpt":{"rendered":"<p>Parque Acu\u00e1tico Los Serranitos. El parque es ideal para disfrutar del verano con toda la familia y amigos de una inolvidable jornada. Ofrece cinco piscinas para distintas edades, toboganes acu\u00e1ticos, plaza h\u00fameda, resto bar (comidas y bebidas), cocheras techadas, sanitarios, seguridad en todos los espacios y guardavidas. Se encuentra ubicado en Av. Cura Gaucho N\u00b0 350, esquina Juan Manuel de Rosas. Sitio web: www.losserranitos.com\/parqueCorreo: camping@losserranitos.comTel: 3544 -470817.Horarios de atenci\u00f3n: A definir. . La Nonita Horarios de atenci\u00f3n: Desde el 10 de enero y todo el mes de febrero, de lunes [&hellip;]<\/p>\n","protected":false},"author":1,"featured_media":0,"parent":0,"menu_order":0,"comment_status":"closed","ping_status":"closed","template":"","meta":{"footnotes":""},"class_list":["post-5040","page","type-page","status-publish","hentry"],"_links":{"self":[{"href":"https:\/\/villacurabrochero.gov.ar\/turista\/wp-json\/wp\/v2\/pages\/5040","targetHints":{"allow":["GET"]}}],"collection":[{"href":"https:\/\/villacurabrochero.gov.ar\/turista\/wp-json\/wp\/v2\/pages"}],"about":[{"href":"https:\/\/villacurabrochero.gov.ar\/turista\/wp-json\/wp\/v2\/types\/page"}],"author":[{"embeddable":true,"href":"https:\/\/villacurabrochero.gov.ar\/turista\/wp-json\/wp\/v2\/users\/1"}],"replies":[{"embeddable":true,"href":"https:\/\/villacurabrochero.gov.ar\/turista\/wp-json\/wp\/v2\/comments?post=5040"}],"version-history":[{"count":3,"href":"https:\/\/villacurabrochero.gov.ar\/turista\/wp-json\/wp\/v2\/pages\/5040\/revisions"}],"predecessor-version":[{"id":5993,"href":"https:\/\/villacurabrochero.gov.ar\/turista\/wp-json\/wp\/v2\/pages\/5040\/revisions\/5993"}],"wp:attachment":[{"href":"https:\/\/villacurabrochero.gov.ar\/turista\/wp-json\/wp\/v2\/media?parent=5040"}],"curies":[{"name":"wp","href":"https:\/\/api.w.org\/{rel}","templated":true}]}}