{"id":5042,"date":"2021-10-08T12:53:24","date_gmt":"2021-10-08T15:53:24","guid":{"rendered":"https:\/\/villacurabrochero.gov.ar\/turista\/?page_id=5042"},"modified":"2026-01-29T10:51:21","modified_gmt":"2026-01-29T13:51:21","slug":"prestadores-de-turismo-alternativo","status":"publish","type":"page","link":"https:\/\/villacurabrochero.gov.ar\/turista\/prestadores-de-turismo-alternativo\/","title":{"rendered":"Prestadores de turismo alternativo"},"content":{"rendered":"\n<h2 class=\"wp-block-heading has-text-align-left\"><strong>Odisea C\u00f3rdoba<\/strong><\/h2>\n\n\n\n<p>Prestador: <strong>Federico Guzm\u00e1n<\/strong><br>Resoluci\u00f3n  389\/18 <\/p>\n\n\n\n<p>Tel:   3544 593251 \/ 648237&nbsp;  <br>Mail:    odiseacordoba@gmail.com&nbsp;   <br>Excursiones:  Trekking<\/p>\n\n\n\n<p>.<\/p>\n\n\n\n<h2 class=\"wp-block-heading\"> <strong>Turismo Alternativo E&amp;E<\/strong> <\/h2>\n\n\n\n<p>Prestador: <strong>Emiliano Tapia<\/strong><br>Resoluci\u00f3n   259\/18&nbsp;  <\/p>\n\n\n\n<p>Tel:    3544 547169&nbsp; &nbsp;  <br>Excursiones:   Gu\u00eda de pesca,&nbsp;trekking, cicloturismo, cabalgatas.&nbsp; <\/p>\n\n\n\n<p>.<\/p>\n\n\n\n<h2 class=\"wp-block-heading\">Anabel Leyria<\/h2>\n\n\n\n<p>Resoluci\u00f3n    293\/17 &nbsp;  <\/p>\n\n\n\n<p>Tel:     3544&nbsp;587135&nbsp; &nbsp; <br>Mail:  <a href=\"mailto:anabel1915.at@gmail.com\">anabel1915.at@gmail.com<\/a> &nbsp;  <br>Excursiones:   trekking<\/p>\n\n\n\n<p>.<\/p>\n\n\n\n<h2 class=\"wp-block-heading\">Adventure Trek<\/h2>\n\n\n\n<p>Prestador: <strong> Brito, Edgar<\/strong><br>Resoluci\u00f3n     367\/19 &nbsp;  <\/p>\n\n\n\n<p>Tel:      3544&nbsp;440406&nbsp; &nbsp; &nbsp;  &nbsp;  <br>Excursiones:    trekking, cicloturismo.&nbsp; <\/p>\n\n\n\n<p>.<\/p>\n\n\n\n<h2 class=\"wp-block-heading\">Tras la Huella<\/h2>\n\n\n\n<p>Prestador: <strong> Silva, Andrea<\/strong><br>Resoluci\u00f3n      052\/20  &nbsp;  <br>Direcci\u00f3n:  Figueroa&nbsp;Alcorta&nbsp;12&nbsp; <\/p>\n\n\n\n<p>Tel:       3544 415430&nbsp; &nbsp; &nbsp;<br>Mail:  <a href=\"mailto:Andre_silva.79@hotmail.com\">Andre_silva.79@hotmail.com<\/a>&nbsp; andrelina712@gmail.com&nbsp;  &nbsp;  &nbsp;  <br>Excursiones:     trekking, cicloturismo.  <\/p>\n\n\n\n<h2 class=\"wp-block-heading\"><\/h2>\n\n\n\n<p><\/p>\n\n\n\n<p><\/p>\n","protected":false},"excerpt":{"rendered":"<p>Odisea C\u00f3rdoba Prestador: Federico Guzm\u00e1nResoluci\u00f3n 389\/18 Tel: 3544 593251 \/ 648237&nbsp; Mail: odiseacordoba@gmail.com&nbsp; Excursiones: Trekking . Turismo Alternativo E&amp;E Prestador: Emiliano TapiaResoluci\u00f3n 259\/18&nbsp; Tel: 3544 547169&nbsp; &nbsp; Excursiones: Gu\u00eda de pesca,&nbsp;trekking, cicloturismo, cabalgatas.&nbsp; . Anabel Leyria Resoluci\u00f3n 293\/17 &nbsp; Tel: 3544&nbsp;587135&nbsp; &nbsp; Mail: anabel1915.at@gmail.com &nbsp; Excursiones: trekking . Adventure Trek Prestador: Brito, EdgarResoluci\u00f3n 367\/19 &nbsp; Tel: 3544&nbsp;440406&nbsp; &nbsp; &nbsp; &nbsp; Excursiones: trekking, cicloturismo.&nbsp; . Tras la Huella Prestador: Silva, AndreaResoluci\u00f3n 052\/20 &nbsp; Direcci\u00f3n: Figueroa&nbsp;Alcorta&nbsp;12&nbsp; Tel: 3544 415430&nbsp; &nbsp; &nbsp;Mail: Andre_silva.79@hotmail.com&nbsp; andrelina712@gmail.com&nbsp; &nbsp; &nbsp; Excursiones: trekking, cicloturismo.<\/p>\n","protected":false},"author":1,"featured_media":0,"parent":0,"menu_order":0,"comment_status":"closed","ping_status":"closed","template":"","meta":{"footnotes":""},"class_list":["post-5042","page","type-page","status-publish","hentry"],"_links":{"self":[{"href":"https:\/\/villacurabrochero.gov.ar\/turista\/wp-json\/wp\/v2\/pages\/5042","targetHints":{"allow":["GET"]}}],"collection":[{"href":"https:\/\/villacurabrochero.gov.ar\/turista\/wp-json\/wp\/v2\/pages"}],"about":[{"href":"https:\/\/villacurabrochero.gov.ar\/turista\/wp-json\/wp\/v2\/types\/page"}],"author":[{"embeddable":true,"href":"https:\/\/villacurabrochero.gov.ar\/turista\/wp-json\/wp\/v2\/users\/1"}],"replies":[{"embeddable":true,"href":"https:\/\/villacurabrochero.gov.ar\/turista\/wp-json\/wp\/v2\/comments?post=5042"}],"version-history":[{"count":6,"href":"https:\/\/villacurabrochero.gov.ar\/turista\/wp-json\/wp\/v2\/pages\/5042\/revisions"}],"predecessor-version":[{"id":6784,"href":"https:\/\/villacurabrochero.gov.ar\/turista\/wp-json\/wp\/v2\/pages\/5042\/revisions\/6784"}],"wp:attachment":[{"href":"https:\/\/villacurabrochero.gov.ar\/turista\/wp-json\/wp\/v2\/media?parent=5042"}],"curies":[{"name":"wp","href":"https:\/\/api.w.org\/{rel}","templated":true}]}}